se 2) to base 15
-1c7758
2113002431 (base 5) to base 13
bbab15
Convert -1322321120 (base 4) to base 16.
-7ae58
Convert 3159960 (base 10) to base 2.
1100000011011110011000
What is 310022323 (base 4) in base 16?
342bb
Convert -100101211011 (base 3) to base 10.
-185035
Convert 1060604 (base 8) to base 5.
33141413
Convert -105224055 (base 6) to base 4.
-13113222203
111447 (base 10) to base 7
642630
-322abe (base 15) to base 11
-1391613
Convert -187dc33 (base 14) to base 9.
-24751648
Convert -1211222000012 (base 3) to base 13.
-285812
What is 15a84c (base 13) in base 10?
537484
What is -17d998 (base 14) in base 3?
-1120220011121
425304002 (base 6) to base 5
3412121220
Convert 2403042 (base 5) to base 6.
540215
Convert 5a90a17 (base 11) to base 6.
1015120052
What is 253140 (base 6) in base 16?
58d4
Convert -19889ec (base 15) to base 8.
-107133657
What is -3ba6a (base 15) in base 9?
-321431
What is -9a970a (base 12) in base 7?
-26636656
-44bc3a (base 13) to base 2
-110001100111000111100
Convert -111112323 (base 5) to base 15.
-99ae3
Convert 26489 (base 11) to base 8.
111731
What is -32774261 (base 9) in base 6?
-1324123344
Convert 605219 (base 11) to base 10.
973223
What is 253a60 (base 11) in base 2?
1100001110011000000
What is e0262 (base 15) in base 10?
709292
Convert -487044 (base 13) to base 9.
-3224776
-a9204 (base 11) to base 4
-212232223
What is 1bab4 (base 12) in base 13?
15a66
What is -76ca5 (base 15) in base 12?
-162548
Convert 1000100111111000111 (base 2) to base 3.
112100121110
-29316 (base 14) to base 13
-37648
-41510 (base 16) to base 12
-10a9a8
Convert -111001001011010111 (base 2) to base 6.
-5004131
Convert 49581 (base 12) to base 16.
183f1
-21224504 (base 6) to base 2
-10011000110000111000
Convert 5383801 (base 9) to base 8.
13013714
What is 369446 (base 10) in base 16?
5a326
What is 2230341 (base 5) in base 12?
1aa13
What is -6758882 (base 9) in base 4?
-31321000010
What is 23a39 (base 12) in base 3?
2110001000
3234422 (base 5) to base 6
1105244
What is -1025664 (base 9) in base 14?
-103da8
Convert 203123103 (base 4) to base 10.
145107
Convert 10000001110111111001 (base 2) to base 11.
333741
Convert -626060 (base 8) to base 2.
-110010110000110000
Convert -b15b (base 15) to base 12.
-197b8
What is 11158175 (base 9) in base 8?
24512625
What is 466274 (base 8) in base 10?
158908
-10425 (base 14) to base 16
-9941
Convert 120717 (base 13) to base 11.
273862
What is -24de51 (base 15) in base 14?
-34062b
Convert -830535 (base 10) to base 6.
-25445023
Convert 410614 (base 7) to base 3.
10112221011
Convert -187d1c (base 16) to base 7.
-16432662
What is 10101111001101001010 (base 2) in base 13?
1c1853
Convert 13110202021 (base 4) to base 15.
27d95d
144234 (base 9) to base 13
31312
Convert -166418 (base 12) to base 10.
-384212
-34477 (base 11) to base 3
-2112100000
-10022110121211 (base 3) to base 7
-20653036
What is 1a62b50 (base 12) in base 9?
11480886
What is 70d5ad (base 14) in base 13?
a31469
615126 (base 7) to base 3
12100001220
15a8580 (base 12) to base 8
20767460
4478420 (base 9) to base 5
1104222221
What is 55ba2 (base 15) in base 6?
5502055
What is 4463e7 (base 15) in base 4?
30130023112
What is 2615924 (base 10) in base 2?
1001111110101001110100
Convert 1282711 (base 12) to base 2.
1101111100000101111101
Convert 4578744 (base 9) to base 2.
1001011011110110011111
What is 303211 (base 8) in base 5?
11144402
-1110001000111110 (base 2) to base 16
-e23e
Convert -434cd (base 14) to base 5.
-20202421
Convert -2201223021 (base 4) to base 12.
-27b289
1212200020010 (base 3) to base 6
33213433
133927 (base 12) to base 7
2461543
-22c177 (base 13) to base 10
-826339
41026403 (base 8) to base 7
133425306
Convert 2c7b7 (base 16) to base 11.
114986
-101213131213 (base 4) to base 8
-21473547
What is -63b96 (base 13) in base 15?
-384ae
What is -a0032 (base 13) in base 10?
-285651
42215124 (base 6) to base 7
13315012
Convert 343500 (base 9) to base 5.
23042413
125c919 (base 14) to base 8
41541753
-1022112122220 (base 3) to base 14
-142d50
-3347 (base 16) to base 8
-31507
What is -1010032123 (base 4) in base 8?
-1041633
What is 326775 (base 9) in base 13?
6ab65
What is -27077 (base 9) in base 13?
-8434
What is -1135442 (base 7) in base 15?
-2c835
Convert -14232003200 (base 5) to base 14.
-268b997
What is -3220936 (base 12) in base 16?
-90ef3a
-100110010010110110110000 (base 2) to base 3
-200220000111212
What is 5b698 (base 13) in base 11?
105339
Convert 2331322300 (base 4) to base 14.
1636c8
3768aa (base 11) to base 2
10010001001100011010
-352625 (base 8) to base 5
-12321323
What is -2ec5 (base 15) in base 4?
-2131211
Convert 11111110110011000011 (base 2) to base 12.
423b6b
Convert 415400545 (base 6) to base 13.
1673b3a
Convert 1000101011111000000111 (base 2) to base 5.
1040324441
Convert 1010440 (base 6) to base 14.
13772
Convert -11002021022111 (base 3) to base 16.
-211e5e
Convert 93865b (base 15) to base 4.
122300210132
304634 (base 8) to base 10
100764
-a128a (base 12) to base 3
-101122100121
Convert 3545154 (base 6) to base 3.
100102000121
Convert 10c62 (base 15) to base 12.
26ab5
Convert -20240104133 (base 5) to base 15.
-1c272e8
-16047 (base 8) to base 14
-28ab
Convert -232203331320 (base 4) to base 14.
-189a332
-2231176 (base 9) to base 2
-100100101010110000110
4758950 (base 10) to base 11
2760519
100000011201 (base 3) to base 9
300151
Convert 626b3 (base 13) to base 15.
3764a
What is 3551974 (base 10) in base 12?
123365a
1996977 (base 14) to base 7
213144310
285588 (base 9) to base 7
1325243
What is 24a356 (base 11) in base 10?
394400
1775974 (base 11) to base 15
3e6955
Convert -673174 (base 8) to base 16.
-3767c
Convert -262634 (base 12) to base 4.
-2120330020
What is 1164158 (base 9) in base 14?
126918
Convert 3510465 (base 7) to base 16.
6b54a
Convert -34aa2 (base 11) to base 12.
-25321
What is -31004341 (base 5) in base 15?
-4e3b6
What is -87233 (base 10) in base 15?
-1aca8
-14126337 (base 8) to base 9
-6001745
-17a0964 (base 11) to base 3
-12201202222212
What is 62013 (base 8) in base 15?
78c6
What is 45508 (base 13) in base 2?
11110110010000010
What is 64465 (base 14) in base 10?
242345
What is 10100000010010101101 (base 2) in base 15?
ce807
-13433 (base 12) to base 10
-26535
-8a4b (base 14) to base 10
-23979
121112010121 (base 3) to base 11
202395
What is -11113320020 (base 4) in base 10?
-1408520
What is 11100110011100111100110 (base 2) in base 16?
7339e6
Convert 132112121330 (base 4) to base 16.
79667c
What is -1141550 (base 7) in base 16?
-2352b
Convert -9a41 (base 16) to base 4.
-21221001
Convert -1000111100111001 (base 2) to base 12.
-19275
4cb42 (base 16) to base 12
131996
-5022f (base 16) to base 10
-328239
893a (base 13) to base 5
1103041
Convert -11100011111011010000010 (base 2) to base 3.
-112001110002120
-11011111001001110001101 (base 2) to base 4
-123321032031
2a1b39 (base 12) to base 5
140132011
What is 215405150 (base 6) in base 10?
3904698
Convert 60478 (base 13) to base 10.
172141
Convert -284b58 (base 13) to base 15.
-145d7e
-10111110100000001010 (base 2) to base 13
-21421c
-1652810 (base 11) to base 3
-12022000001122
Convert -1335757 (base 11) to base 4.
-20303002121
What is -241222114 (base 5) in base 3?
-2002202110021
120121000220 (base 3) to base 14
7dbdb
132322213 (base 4) to base 10
126631
Convert 2036a1 (base 11) to base 14.
87204
Convert -10220303331 (base 4) to base 14.
-2390a9
Convert 50443352 (base 6) to base 7.
15132536
Convert -1cb66 (base 15) to base 9.
-152466
What is a21e8 (base 15) in base 6?
15001015
Convert -672c38 (base 14) to base 10.
-3503746
Convert 291b9ab (base 12) to base 8.
37366323
What is 290a43 (base 11) in base 4?
1233013120
267141 (base 13) to base 6
31531253
Convert -245a4b (base 12) to base 13.
-178b71
210311030 (base 4) to base 7
1165553
What is 26266513 (base 7) in base 8?
11125761
What is -462728 (base 9) in base 10?
-277613
Convert -b2885 (base 12) to base 16.
-38d65
4a9cc5 (base 16) to base 11
283a860
What is 715d (base 14) in base 3?
222201202
Convert -167c7 (base 13) to base 4.
-22201101
What is 200132212313 (base 4) in base 11?
4895748
What is 41ea (base 15) in base 13?
6469
Convert -9395552 (base 10) to base 7.
-142601165
Convert -145470 (base 14) to base 3.
-102221212011